ed by b?
10
Suppose 0 = 7*t - 9*t - 118. Let a be (0 + t)*(-5)/(-5). Let l = 70 + a. Calculate the remainder when 41 is divided by l.
8
Let l(i) = -i**2 + 133*i - 1822. What is the remainder when l(24) is divided by 10?
4
Let s = 1668 - 1650. Calculate the remainder when (16 + -391)/((-6)/4) is divided by s.
16
Suppose 2*j = 14*j - 12. What is the remainder when 86/((j - 7)*6/(-18)) is divided by 24?
19
Let n be 15/25*5*2. Suppose 4*d - n*d + 50 = 0. Suppose -13 = -2*y - 5, -h + 5*y + 27 = 0. What is the remainder when h is divided by d?
22
Let g(n) = 78*n**2 + 28*n + 148. What is the remainder when g(8) is divided by 61?
57
Suppose 27*p - 35*p = -80. Calculate the remainder when 1868 is divided by p.
8
Let o(z) = -121*z + 12. Suppose 0 = -5*j + i - 6, 4*i + 24 = 3*j - 7*j. What is the remainder when o(j) is divided by 66?
56
Suppose 16*b + 351 = 5*u + 13*b, 5*u - b - 347 = 0. What is the remainder when 197 is divided by u?
59
Suppose 4*t = -33 - 27. Let x be ((-42)/t - 2)/(1/205). Let h = -133 + x. What is the remainder when h is divided by 16?
15
Suppose o - 695 = 2*h, -248 = h - 4*o + 117. Let d = -294 - h. What is the remainder when 180 is divided by d?
27
Suppose 0 = j - 21 - 9. Let f(k) = k**2 - 20*k - 23. What is the remainder when f(j) is divided by 94?
89
Let h(d) = 7*d**2 + 28*d - 457. What is the remainder when h(13) is divided by 136?
2
Let u(o) = o**2 - 51*o + 86. Let w be u(49). What is the remainder when w*(-42)/(-18)*-6 is divided by 35?
28
Let s(p) = 151*p - 932. What is the remainder when s(29) is divided by 16?
7
Let u = 39 + -41. What is the remainder when u/9 + 1518/27 is divided by 23?
10
Suppose p = -d, -2*d - 4 + 2 = 3*p. Suppose d*s + 7 - 1 = 0. Calculate the remainder when 238 is divided by (-188)/(-6 - -2) - s/3.
46
Let n be 134628/(-260) - ((-16)/10)/2. Let s = 626 + n. Calculate the remainder when s is divided by 37.
35
Suppose 3 = 3*p, -4*p + 163 = 5*j + 14. Suppose 2*n - 106 = -2*h, -3*n + 245 = 2*n + h. Let t = n - 32. What is the remainder when j is divided by t?
13
Suppose -1400173*r + 1400148*r = -6425. Suppose -3*h = -4*b + 219 - 8, -5*b + 265 = -5*h. What is the remainder when r is divided by b?
49
Suppose -6*n + n = -15, 0 = 3*y + 3*n - 6. Calculate the remainder when 139 is divided by 11 + -13 + (25 - y/1).
19
Suppose 3*j + 20 = -166. Let i = 98 + j. Let u = i + -18. Calculate the remainder when 64 is divided by u.
10
Let v be 40/(-140) + (-4664)/(-7). Suppose 7*r - r = v. Let h = 18 + r. What is the remainder when h is divided by 45?
39
Suppose 3*a - 5*a = -120. Suppose 5*v + 5*o = 195, -v - v + a = -4*o. Calculate the remainder when 322 is divided by v.
34
Let v(f) = 7*f**2 - 5*f + 116. Let r be v(11). Suppose 76*z - r = 72*z. What is the remainder when z is divided by 23?
20
Suppose -2*z + 4*n = -220 - 42, 681 = 5*z + 3*n. Calculate the remainder when 458 is divided by z.
53
Let s(q) = q**2 - 11*q + 3. Let i be s(11). Let l(z) = z**2 - z + 5. Let c be l(i). Suppose -c*b + 915 = -724. Calculate the remainder when b is divided by 25.
24
Let p = -38820 + 39054. What is the remainder when 16144 is divided by p?
232
Suppose 238 = 3*f + 6*z - 7*z, 3*z = -12. What is the remainder when 102/(-119) + 12/28*541 is divided by f?
75
Let d = 619 - 593. Suppose 7*j - 198 = j. What is the remainder when j is divided by d?
7
Suppose -3116 = -2*b + 4*p + 64, -3*p + 1620 = b. Calculate the remainder when b is divided by 26.
16
Let i(n) = -n**3 - 7*n**2 - 928*n - 8400. Suppose s - 8*k - 19 = -3*k, 0 = -3*s + 4*k + 79. Calculate the remainder when i(-9) is divided by s.
27
Let b = -38 - -67. Let o(m) = 5*m**2 - m - 1. Let k be o(-1). What is the remainder when b is divided by ((-4)/k)/(11/(-55))?
1
Suppose -5*l - 4*m = -145, 18*l - 3*m + 265 = 28*l. Calculate the remainder when 439 is divided by l.
14
Let x = -7309 - -7803. Calculate the remainder when x is divided by 491.
3
What is the remainder when (-74978)/(-4) + (-193)/(-386) is divided by 13?
12
Let b be (-8)/(-2)*(-561)/(-4). Let x = b - 534. What is the remainder when 0 - -74 - (-2)/2 is divided by x?
21
Calculate the remainder when (-17045)/(5/(-5)) + 90/(-6) + 7 is divided by 80.
77
Suppose -7*l + 5*l + 8 = 0. Let s be (-26)/(-6) - 3/9. Suppose 0 = -j - s*w + 26, 0 = 5*j + l*w - 80 - 66. What is the remainder when 87 is divided by j?
27
Suppose -v - 30 = -w, -w + 45 = -3*v + 5*v. Suppose 5*u = 35 - 15. Suppose u*a - z + 10 = 5*a, -a - 3*z = -4. What is the remainder when w is divided by a?
9
Suppose -2*h - s + 542 = -0*s, 5*s = h - 249. Suppose 40*q + 4*l = 45*q - 85, 3*l - 141 = -6*q. What is the remainder when h is divided by q?
17
Suppose 0*c - 92 = -4*c. Calculate the remainder when (30/6 - 47)*(-90)/36 is divided by c.
13
Suppose m + 3*t + 32 = 96, 2 = t. Let z = 25 - 45. Let x = 30 + z. What is the remainder when m is divided by x?
8
What is the remainder when 201 is divided by (28/3)/(28/63)?
12
Suppose -16*v - 223 + 767 = 0. Calculate the remainder when 748 is divided by v.
0
Let f = -108 - -110. Suppose f*c - 210 = -2*y, -c = -4*y - 2*c + 429. Calculate the remainder when (-48)/y - 836/(-18) is divided by 17.
12
Let a(z) = 81*z**2 + 12*z + 25. What is the remainder when a(7) is divided by 85?
83
Let m be (-24)/(-16) - -6 - 1/(-2). Suppose -m*p = -p - 2009. Calculate the remainder when p is divided by 72.
71
Let i(d) = 5 - d**2 + 3*d**2 + 0*d**2 - 13*d. Let x = 5023 - 5015. Calculate the remainder when 54 is divided by i(x).
25
Let m(d) = 363*d - 831. Calculate the remainder when m(3) is divided by 87.
84
Suppose -20*p + 36708 = 11*p + 7*p. Calculate the remainder when p is divided by 12.
6
Let i(o) = 3*o + 19. Let r(j) = 5*j + 38. Let x(g) = 5*i(g) - 2*r(g). Let d = -1046 + 1069. What is the remainder when x(8) is divided by d?
13
Let f(j) = j**3 - 2*j**2 - 5*j + 3. Let y = 2250 + -2011. What is the remainder when y is divided by f(4)?
14
Let d(b) = -2*b**2 + 17*b - 2. Let s be d(8). What is the remainder when 18 is divided by ((-18)/(-24))/(s/64)?
2
Suppose -512*h + 392*h + 54120 = 0. Calculate the remainder when h is divided by 358.
93
Let p(n) = 4*n**2 - 37*n - 210. Calculate the remainder when 223 is divided by p(-5).
73
Let u(r) = 32*r + 234. Let n(o) = -5*o + 7. Let i be n(-3). Suppose -2*w = 5*t - 77 + i, 172 = 5*w + t. What is the remainder when w is divided by u(-7)?
5
Let y = -720 + 668. What is the remainder when (234/y)/(1 - 62/60) is divided by (-1)/(1*(-1)/23)?
20
Suppose 296*j = -493*j - 18340 + 67258. Calculate the remainder when 1540/5 - (-1 - -3) is divided by j.
58
Calculate the remainder when 3/(-1) + -5 + 57 is divided by 7 - -3*(9 + -7).
10
Let w(o) = -23*o**3 + o**2 - 3*o - 3. Let n(r) = 12*r**2 + 133*r - 123*r - 2*r**3 + 3*r**3 + 37. What is the remainder when w(-2) is divided by n(-11)?
47
Let p(v) = -v**3 + 92*v**2 - 354*v + 188. What is the remainder when 1064 is divided by p(88)?
8
Suppose 1 = -6*g + 37. Suppose -81 - 213 = g*l. Let b = 123 + l. What is the remainder when b is divided by 19?
17
Suppose -4*n = 5*m - 273, -3*m = 6*n + 3*n - 606. What is the remainder when 133 is divided by n?
66
Suppose 3*x = -z + 1845, 29*z = 24*z + 4*x + 9187. What is the remainder when z is divided by 40?
39
Let p(i) = -i**2 + 21*i - 21. Let j be 32/(8/4) - -1. Suppose 0 = -2*h + 4*v + 31 - 9, 4 = -2*v. Calculate the remainder when p(j) is divided by h.
5
What is the remainder when 1258 is divided by (-28)/10*(3 + 1136/(-112))?
18
What is the remainder when ((-3584)/24)/16*(125/(-2) + 1) is divided by 16?
14
Suppose 4*t + 2*q = 4238, -2*q - 79 = -t + 983. What is the remainder when t is divided by 5?
0
Suppose 15*t - 94 = 86. Let i be -12*((-44)/t + 4) - 93. Let n = i - -147. Calculate the remainder when 98 is divided by n.
48
Let d = 3427 - 3406. Calculate the remainder when 102 is divided by d.
18
Suppose -3*t + 2*t = -33. Let u(k) = 4*k**2 - 110*k - 1300. Calculate the remainder when t is divided by u(-9).
5
Suppose -1408*m + 56 = -1407*m. Calculate the remainder when 6943 is divided by m.
55
Suppose -4*m + 181 = -51. Suppose -2*q - 13*q - 60 = 0. What is the remainder when m is divided by (q/8)/((-1)/(45 + -5))?
18
Let w = 5 - -12. Suppose 0 = 179*c - 184*c + 10. Suppose p + 9 = t - c, -5*t + 2*p = -52. What is the remainder when w 